True
Is 149803 prime?
True
Is 691 a composite number?
False
Is 172489 composite?
False
Is 179147 prime?
False
Is 5779 a prime number?
True
Is 2077 a composite number?
True
Is 5774 prime?
False
Is 3943 prime?
True
Is 53017 prime?
True
Is 10301 a prime number?
True
Is 8097 a composite number?
True
Is 5951 prime?
False
Is 528603 prime?
False
Is 11351 a composite number?
False
Is 96839 a prime number?
False
Is 172243 composite?
False
Is 75794 composite?
True
Is 19029 a composite number?
True
Is 21797 a prime number?
False
Is 3415 prime?
False
Is 18037 a composite number?
True
Is 272617 a composite number?
True
Is 11903 a prime number?
True
Is 97323 composite?
True
Is 139541 a prime number?
False
Is 253469 a composite number?
False
Is 158 a composite number?
True
Is 1543 a prime number?
True
Is 439421 composite?
False
Is 294697 composite?
True
Is 111905 a composite number?
True
Is 176383 prime?
True
Is 186262 prime?
False
Is 1500929 a composite number?
False
Is 23459 a composite number?
False
Is 75817 a composite number?
True
Is 15529 prime?
False
Is 1067 a prime number?
False
Is 1721431 prime?
False
Is 16811 prime?
True
Is 1065391 a composite number?
False
Is 148949 prime?
True
Is 231787 a prime number?
False
Is 24515 prime?
False
Is 25339 prime?
True
Is 2815 prime?
False
Is 14453 a prime number?
False
Is 28349 a prime number?
True
Is 1713689 a prime number?
True
Is 7993 prime?
True
Is 14743 prime?
False
Is 36059 a composite number?
True
Is 5737 composite?
False
Is 8009 a composite number?
False
Is 239201 composite?
False
Is 4241 a prime number?
True
Is 39629 composite?
True
Is 515842 prime?
False
Is 232157 a composite number?
True
Is 15815 a prime number?
False
Is 56063 composite?
True
Is 111715 composite?
True
Is 4217071 a prime number?
False
Is 8263 prime?
True
Is 33379 a prime number?
False
Is 6379 prime?
True
Is 71146 a composite number?
True
Is 88529 composite?
True
Is 1359469 a prime number?
False
Is 131 a prime number?
True
Is 70949 composite?
False
Is 10037 a composite number?
False
Is 49643 a prime number?
False
Is 2056837 composite?
True
Is 94613 a composite number?
False
Is 2551 prime?
True
Is 4474131 a prime number?
False
Is 769 a prime number?
True
Is 75149 prime?
True
Is 34157 a composite number?
False
Is 288461 composite?
False
Is 212665 composite?
True
Is 97403 prime?
False
Is 75833 a prime number?
True
Is 114107 a composite number?
True
Is 52571 a prime number?
True
Is 487 a composite number?
False
Is 16871 a prime number?
True
Is 36541 composite?
False
Is 42641 a composite number?
False
Is 43039 a composite number?
True
Is 1139 composite?
True
Is 1057657 a composite number?
False
Is 843 a composite number?
True
Is 18701 composite?
False
Is 2503 a composite number?
False
Is 34793 composite?
True
Is 15767 prime?
True
Is 36037 a prime number?
True
Is 11461 a prime number?
False
Is 6581 a composite number?
False
Is 46043 composite?
True
Is 298559 a prime number?
True
Is 57317 a composite number?
True
Is 4889 a prime number?
True
Is 3670879 a composite number?
False
Is 57203 a prime number?
True
Is 7451 prime?
True
Is 53773 prime?
True
Is 4091 composite?
False
Is 3323587 prime?
False
Is 523021 a composite number?
False
Is 895039 composite?
False
Is 2599 a prime number?
False
Is 5471 a composite number?
False
Is 73077 a prime number?
False
Is 73543 composite?
True
Is 44683 prime?
True
Is 725189 composite?
False
Is 2819 composite?
False
Is 136601 a prime number?
True
Is 175159 composite?
True
Is 268969 a composite number?
False
Is 10037 prime?
True
Is 127117 composite?
True
Is 552469 a prime number?
True
Is 4409 prime?
True
Is 703621 a prime number?
False
Is 4138987 a prime number?
True
Is 27427 prime?
True
Is 9449 composite?
True
Is 735689 prime?
True
Is 16733 a composite number?
True
Is 139027 prime?
False
Is 26662 a prime number?
False
Is 65051 composite?
True
Is 120751 a prime number?
False
Is 17669 a prime number?
True
Is 10741 prime?
False
Is 76079 composite?
False
Is 306283 a composite number?
True
Is 879401 composite?
False
Is 2927 a prime number?
True
Is 129254 a prime number?
False
Is 12407 a composite number?
True
Is 16183 composite?
False
Is 7411 composite?
False
Is 56039 composite?
False
Is 128449 a composite number?
False
Is 88849 a composite number?
True
Is 223697 prime?
True
Is 5167 a composite number?
False
Is 1325689 prime?
False
Is 1741 prime?
True
Is 2913 prime?
False
Is 2257 prime?
False
Is 271954 a composite number?
True
Is 6803 a composite number?
False
Is 2599 prime?
False
Is 11789 prime?
True
Is 201031 composite?
False
Is 18329 a prime number?
True
Is 88589 prime?
True
Is 7543 a composite number?
True
Is 268231 composite?
True
Is 1325411 a prime number?
False
Is 6421 prime?
True
Is 13799 prime?
True
Is 47287 a composite number?
False
Is 62939 a prime number?
True
Is 36415 a composite number?
True
Is 709663 composite?
False
Is 60531 composite?
True
Is 72337 composite?
False
Is 1133 prime?
False
Is 1997107 composite?
True
Is 21233 a prime number?
False
Is 22431 a composite number?
True
Is 816619 prime?
False
Is 6731 composite?
True
Is 55439 a composite number?
False
Is 22523 prime?
False
Is 2264419 a prime number?
False
Is 279597 composite?
True
Is 220511 composite?
False
Is 166189 a composite number?
False
Is 66529 prime?
True
Is 7465 prime?
False
Is 7601 a prime number?
False
Is 1604689 a composite number?
True
Is 1116533 a prime number?
False
Is 57149 composite?
False
Is 230663 prime?
True
Is 13162 a prime number?
False
Is 2941 a composite number?
True
Is 907 prime?
True
Is 144079 a prime number?
False
Is 88787 prime?
False
Is 16143 a composite number?
True
Is 7318 prime?
False
Is 309257 a composite number?
True
Is 224915 prime?
False
Is 23459 prime?
True
Is 58549 a composite number?
False
Is 3639 composite?
True
Is 19921 a prime number?
False
Is 356087 a composite number?
True
Is 18266 a prime number?
False
Is 1689657 a composite number?
True
Is 396259 prime?
True
Is 3989 a composite number?
False
Is 2863 a composite number?
True
Is 162179 composite?
True
Is 780509 a prime number?
False
Is 10099 prime?
True
Is 5951 a composite number?
True
Is 56841 prime?
False
Is 4387 a composite number?
True
Is 440641 a prime number?
True
Is 211 a prime number?
True
Is 19841 composite?
False
Is 706867 composite?
True
Is 6503 composite?
True
Is 150386 a composite number?
True
Is 1343 prime?
False
Is 101737 a composite number?
False
Is 42283 a composite number?
False
Is 10891 prime?
True
Is 6382 a prime number?
False
Is 889553 prime?
False
Is 12611 composite?
False
Is 221 composite?
True
Is 276067 a composite number?
True
Is 2933 a prime number?
False
Is 3551 a composite number?
True
Is 113539 a composite number?
False
Is 204559 prime?
False
Is 2787 a composite number?
True
Is 1801691 prime?
True
Is 41567 composite?
True
Is 1148621 prime?
True
Is 1633 a composite number?
True
Is 350411 composite?
False
Is 575221 a prime number?
False
Is 911 a prime number?
True
Is 831 a prime number?
False
Is 206027 composite?
False
Is 887651 composite?
False
Is 16811 prime?
True
Is 798526 a composite number?
True
Is 691 a composite number?
False
Is 55 composite?
True
Is 19871 composite?
True
Is 100357 a composite number?
False
Is 191 prime?
True
Is 195907 a prime number?
True
Is 145133 a prime number?
True
Is 213437 a composite number?
True
Is 22613 composite?
False
Is 79537 prime?
True
Is 1687 prime?
False
Is 3389 composite?
False
Is 2435 prime?
False
Is 1050307 a prime number?
True
Is 2099 prime?
True
Is 30829 a composite number?
False
Is 15937 a prime number?
True
Is 39803 prime?
False
Is 826697 prime?
True
Is 85931 prime?
True
Is 114657 a prime number?
False
Is 3973 composite?
True
Is 16921 prime?
True
Is 137567 composite?
False
Is 4227 a composite number?
True
Is 122491 a composite number?
True
Is 603739 a prime number?
True
Is 4699 a composite number?
True
Is 3427 a prime number?
False
Is 15082 a composite number?
True
Is 1363 composite?
True
Is 643285 a prime number?
False
Is 149 a prime number?
True
Is 41719 a composite number?
False
Is 2227 a prime number?
False
Is 560617 a composite number?
False
Is 14273 a composite number?
True
Is 337999 a composite number?
False
Is 5033 composite?
True
Is 18923 composite?
True
Is 51449 a pr